te the remainder when 17636 is divided by 87.
62
What is the remainder when 79575 is divided by 56?
55
What is the remainder when 13832 is divided by 477?
476
What is the remainder when 64247 is divided by 74?
15
Calculate the remainder when 756828 is divided by 129.
114
What is the remainder when 19766 is divided by 48?
38
Calculate the remainder when 270 is divided by 89.
3
Calculate the remainder when 14620 is divided by 14582.
38
Calculate the remainder when 14430 is divided by 268.
226
What is the remainder when 90442 is divided by 323?
2
What is the remainder when 20640 is divided by 2578?
16
What is the remainder when 63999 is divided by 152?
7
Calculate the remainder when 21725 is divided by 110.
55
Calculate the remainder when 1719 is divided by 496.
231
Calculate the remainder when 12145 is divided by 674.
13
Calculate the remainder when 29511 is divided by 85.
16
Calculate the remainder when 810830 is divided by 374.
372
Calculate the remainder when 1573 is divided by 27.
7
Calculate the remainder when 15694 is divided by 1218.
1078
What is the remainder when 366209 is divided by 13?
12
What is the remainder when 1589 is divided by 1571?
18
What is the remainder when 15887 is divided by 5208?
263
Calculate the remainder when 737 is divided by 64.
33
What is the remainder when 4709 is divided by 416?
133
Calculate the remainder when 404568 is divided by 6857.
5
What is the remainder when 3904 is divided by 434?
432
What is the remainder when 740374 is divided by 339?
337
What is the remainder when 372 is divided by 243?
129
What is the remainder when 2209 is divided by 117?
103
What is the remainder when 106997 is divided by 29?
16
What is the remainder when 20523 is divided by 1138?
39
What is the remainder when 45164 is divided by 31?
28
What is the remainder when 6472 is divided by 597?
502
Calculate the remainder when 127 is divided by 41.
4
What is the remainder when 709 is divided by 13?
7
Calculate the remainder when 4976 is divided by 1236.
32
What is the remainder when 510125 is divided by 1308?
5
What is the remainder when 100349 is divided by 19?
10
What is the remainder when 726459 is divided by 18?
15
What is the remainder when 335695 is divided by 59?
44
What is the remainder when 18274 is divided by 4530?
154
Calculate the remainder when 53127 is divided by 483.
480
What is the remainder when 2468 is divided by 846?
776
What is the remainder when 11233 is divided by 450?
433
Calculate the remainder when 362098 is divided by 60346.
22
Calculate the remainder when 17272 is divided by 664.
8
What is the remainder when 1924 is divided by 98?
62
Calculate the remainder when 6184 is divided by 444.
412
Calculate the remainder when 2835 is divided by 2625.
210
Calculate the remainder when 9218 is divided by 8903.
315
What is the remainder when 8322 is divided by 4160?
2
Calculate the remainder when 297 is divided by 21.
3
What is the remainder when 10711 is divided by 3546?
73
What is the remainder when 1149039 is divided by 271?
270
What is the remainder when 12049 is divided by 92?
89
What is the remainder when 116882 is divided by 71?
16
Calculate the remainder when 241612 is divided by 2543.
27
Calculate the remainder when 31073 is divided by 1942.
1
Calculate the remainder when 110999 is divided by 110952.
47
Calculate the remainder when 216502 is divided by 1406.
1384
What is the remainder when 12805 is divided by 15?
10
What is the remainder when 10467 is divided by 245?
177
Calculate the remainder when 731276 is divided by 193.
192
Calculate the remainder when 58799 is divided by 51.
47
What is the remainder when 25390 is divided by 2532?
70
What is the remainder when 43248 is divided by 1883?
1822
Calculate the remainder when 30948 is divided by 16.
4
What is the remainder when 6782 is divided by 144?
14
Calculate the remainder when 176397 is divided by 14.
11
Calculate the remainder when 116620 is divided by 223.
214
Calculate the remainder when 120127 is divided by 293.
290
What is the remainder when 5222 is divided by 243?
119
Calculate the remainder when 1123 is divided by 334.
121
What is the remainder when 477401 is divided by 15?
11
Calculate the remainder when 5343 is divided by 82.
13
Calculate the remainder when 14946 is divided by 65.
61
Calculate the remainder when 2571 is divided by 804.
159
Calculate the remainder when 2779 is divided by 2641.
138
What is the remainder when 4948 is divided by 160?
148
What is the remainder when 48898 is divided by 500?
398
What is the remainder when 1867 is divided by 200?
67
Calculate the remainder when 1881297 is divided by 30.
27
Calculate the remainder when 9289 is divided by 458.
129
Calculate the remainder when 67607 is divided by 108.
107
Calculate the remainder when 780 is divided by 598.
182
What is the remainder when 46388 is divided by 63?
20
What is the remainder when 246 is divided by 23?
16
What is the remainder when 69707 is divided by 444?
443
Calculate the remainder when 807 is divided by 233.
108
Calculate the remainder when 794429 is divided by 253.
9
Calculate the remainder when 7755 is divided by 229.
198
What is the remainder when 4278 is divided by 777?
393
Calculate the remainder when 11194 is divided by 1002.
172
Calculate the remainder when 2138 is divided by 1375.
763
Calculate the remainder when 716 is divided by 388.
328
Calculate the remainder when 137697 is divided by 270.
267
What is the remainder when 2942 is divided by 135?
107
Calculate the remainder when 2063 is divided by 75.
38
What is the remainder when 32096 is divided by 92?
80
Calculate the remainder when 113127 is divided by 37709.
0
What is the remainder when 383408 is divided by 113?
112
Calculate the remainder when 13377 is divided by 3330.
57
Calculate the remainder when 431282 is divided by 295.
287
Calculate the remainder when 28075 is divided by 7017.
7
Calculate the remainder when 27920 is divided by 9306.
2
Calculate the remainder when 13650 is divided by 680.
50
Calculate the remainder when 27332 is divided by 265.
37
What is the remainder when 2056516 is divided by 1028257?
2
What is the remainder when 4259 is divided by 1419?
2
What is the remainder when 113985 is divided by 84?
81
Calculate the remainder when 11273 is divided by 72.
41
Calculate the remainder when 7595 is divided by 262.
259
Calculate the remainder when 433511 is divided by 8.
7
What is the remainder when 1274 is divided by 34?
16
Calculate the remainder when 20705 is divided by 108.
77
What is the remainder when 25670 is divided by 2134?
62
What is the remainder when 28181 is divided by 14?
13
What is the remainder when 3081767 is divided by 438?
437
What is the remainder when 6399 is divided by 2123?
30
What is the remainder when 130 is divided by 120?
10
Calculate the remainder when 141118 is divided by 32.
30
Calculate the remainder when 43535 is divided by 518.
23
Calculate the remainder when 90017 is divided by 88.
81
Calculate the remainder when 3648 is divided by 262.
242
Calculate the remainder when 10940 is divided by 10934.
6
Calculate the remainder when 10746 is divided by 46.
28
What is the remainder when 4280 is divided by 1424?
8
Calculate the remainder when 47094 is divided by 47086.
8
What is the remainder when 128383 is divided by 396?
79
Calculate the remainder when 6850 is divided by 1370.
0
Calculate the remainder when 76842 is divided by 13.
12
What is the remainder when 179 is divided by 92?
87
What is the remainder when 11003 is divided by 587?
437
What is the remainder when 9238 is divided by 2647?
1297
What is the remainder when 1866 is divided by 866?
134
What is the remainder when 20626 is divided by 382?
380
Calculate the remainder when 1122 is divided by 69.
18
Calculate the remainder when 251 is divided by 220.
31
What is the remainder when 1482 is divided by 718?
46
What is the remainder when 21993 is divided by 1376?
1353
Calculate the remainder when 3204 is divided by 3153.
51
What is the remainder when 2849035 is divided by 73?
64
Calculate the remainder when 5097 is divided by 1696.
9
What is the remainder when 509567 is divided by 168?
23
Calculate the remainder when 414779 is divided by 350.
29
What is the remainder when 40563 is divided by 44?
39
What is 